f 25281?
3, 53
What are the prime factors of 283966?
2, 41, 3463
What are the prime factors of 164906?
2, 7, 11779
What are the prime factors of 374922?
2, 3, 53, 131
What are the prime factors of 9404112?
2, 3, 195919
List the prime factors of 1661329.
71, 23399
What are the prime factors of 1101171?
3, 23, 15959
List the prime factors of 116781.
3, 7, 67, 83
List the prime factors of 32663.
89, 367
List the prime factors of 241480.
2, 5, 6037
What are the prime factors of 494628?
2, 3, 47, 877
What are the prime factors of 2125405?
5, 103, 4127
What are the prime factors of 781327?
781327
List the prime factors of 556359.
3, 17, 10909
List the prime factors of 76499.
227, 337
List the prime factors of 2025260.
2, 5, 131, 773
List the prime factors of 1029496.
2, 13, 19, 521
What are the prime factors of 8775249?
3, 7, 417869
What are the prime factors of 234873?
3, 8699
List the prime factors of 132106.
2, 13, 5081
List the prime factors of 102638.
2, 19, 37, 73
List the prime factors of 9178883.
7, 31, 42299
What are the prime factors of 388727?
388727
What are the prime factors of 297967?
297967
List the prime factors of 546342.
2, 3, 23, 37, 107
What are the prime factors of 4279338?
2, 3, 7, 11321
What are the prime factors of 351017?
173, 2029
What are the prime factors of 323560?
2, 5, 8089
List the prime factors of 10224928.
2, 7, 6521
List the prime factors of 35969051.
199, 180749
List the prime factors of 4226712.
2, 3, 7, 139, 181
List the prime factors of 2149586.
2, 1013, 1061
List the prime factors of 20775729.
3, 13, 59, 9029
What are the prime factors of 1820674?
2, 197, 4621
What are the prime factors of 103178?
2, 23, 2243
What are the prime factors of 11051420?
2, 5, 101, 5471
List the prime factors of 557559.
3, 41, 1511
List the prime factors of 288554.
2, 7, 20611
List the prime factors of 176305.
5, 37, 953
What are the prime factors of 88020?
2, 3, 5, 163
List the prime factors of 6127118.
2, 53, 57803
What are the prime factors of 615838?
2, 307919
What are the prime factors of 1013186?
2, 506593
What are the prime factors of 45851?
13, 3527
List the prime factors of 11046606.
2, 3, 71, 25931
What are the prime factors of 1274513?
271, 4703
List the prime factors of 454892.
2, 113723
What are the prime factors of 1056966?
2, 3, 176161
List the prime factors of 570139.
570139
List the prime factors of 14453.
97, 149
What are the prime factors of 239848?
2, 7, 4283
List the prime factors of 5591756.
2, 1397939
What are the prime factors of 447724?
2, 173, 647
What are the prime factors of 15800961?
3, 11, 37, 12941
List the prime factors of 936878.
2, 468439
List the prime factors of 964560.
2, 3, 5, 4019
What are the prime factors of 259995?
3, 5, 17333
What are the prime factors of 21355063?
23, 31, 61, 491
What are the prime factors of 1088105?
5, 269, 809
List the prime factors of 4725267.
3, 137, 11497
List the prime factors of 276109.
29, 9521
List the prime factors of 13259592.
2, 3, 17, 23, 157
List the prime factors of 1315226.
2, 11, 191, 313
What are the prime factors of 180318?
2, 3, 41, 733
What are the prime factors of 1394106?
2, 3, 7, 19, 1747
List the prime factors of 1860011.
89, 20899
What are the prime factors of 503170?
2, 5, 67, 751
What are the prime factors of 11950949?
17, 241, 2917
List the prime factors of 117813.
3, 173, 227
List the prime factors of 23049.
3, 13, 197
List the prime factors of 32259990.
2, 3, 5, 7, 149, 1031
What are the prime factors of 723353?
723353
What are the prime factors of 840732?
2, 3, 70061
List the prime factors of 1985233.
47, 42239
List the prime factors of 3444460.
2, 5, 172223
List the prime factors of 275414.
2, 137707
List the prime factors of 925641.
3, 34283
List the prime factors of 1628536.
2, 7, 13, 2237
List the prime factors of 30034503.
3, 1112389
What are the prime factors of 508602?
2, 3, 29, 37, 79
What are the prime factors of 408855?
3, 5, 97, 281
List the prime factors of 347415.
3, 5, 19, 23, 53
What are the prime factors of 16333935?
3, 5, 307, 3547
What are the prime factors of 802892?
2, 200723
List the prime factors of 27311.
31, 881
List the prime factors of 829655.
5, 165931
List the prime factors of 540458.
2, 270229
List the prime factors of 84537.
3, 31, 101
List the prime factors of 410403.
3, 7, 19543
List the prime factors of 670663.
7, 13687
List the prime factors of 109199.
109199
List the prime factors of 572549.
572549
List the prime factors of 3691477.
23, 160499
What are the prime factors of 5914244?
2, 7, 19, 11117
What are the prime factors of 36216689?
1613, 22453
What are the prime factors of 1395949?
19, 73471
What are the prime factors of 5217263?
5217263
List the prime factors of 37272.
2, 3, 1553
What are the prime factors of 393462?
2, 3, 21859
What are the prime factors of 73493?
7, 10499
What are the prime factors of 266638?
2, 133319
What are the prime factors of 28192719?
3, 227, 41399
What are the prime factors of 3039548?
2, 29, 26203
List the prime factors of 726794.
2, 363397
List the prime factors of 1777010.
2, 5, 17, 10453
List the prime factors of 201994.
2, 13, 17, 457
List the prime factors of 3061073.
941, 3253
List the prime factors of 6330350.
2, 5, 13, 9739
List the prime factors of 495363.
3, 11, 17, 883
What are the prime factors of 10227304?
2, 53, 24121
List the prime factors of 13786.
2, 61, 113
List the prime factors of 912049.
912049
List the prime factors of 49178.
2, 67, 367
What are the prime factors of 1599414?
2, 3, 31, 8599
List the prime factors of 3587375.
5, 11, 2609
List the prime factors of 12779113.
661, 19333
List the prime factors of 191571.
3, 63857
What are the prime factors of 13800469?
47, 479, 613
What are the prime factors of 6051977?
6051977
List the prime factors of 165762.
2, 3, 9209
What are the prime factors of 2427886?
2, 1213943
List the prime factors of 488193.
3, 162731
List the prime factors of 57659.
7, 8237
What are the prime factors of 17537608?
2, 11, 17, 19, 617
List the prime factors of 423953.
353, 1201
What are the prime factors of 31469430?
2, 3, 5, 347, 3023
What are the prime factors of 3441521?
3441521
List the prime factors of 205815.
3, 5, 13721
List the prime factors of 7549353.
3, 7, 119831
List the prime factors of 338085.
3, 5, 11, 683
List the prime factors of 5784118.
2, 1531, 1889
List the prime factors of 249461.
313, 797
List the prime factors of 26444428.
2, 19, 349, 997
What are the prime factors of 627107?
13, 48239
What are the prime factors of 155255?
5, 31051
List the prime factors of 1080456.
2, 3, 13, 3463
What are the prime factors of 20204?
2, 5051
What are the prime factors of 3593065?
5, 7, 251, 409
What are the prime factors of 516175?
5, 11, 1877
What are the prime factors of 1835461?
1835461
List the prime factors of 730932.
2, 3, 17, 3583
List the prime factors of 2054750.
2, 5, 8219
What are the prime factors of 3379352?
2, 641, 659
What are the prime factors of 1227478?
2, 7, 43, 2039
List the prime factors of 2331864.
2, 3, 139, 233
List the prime factors of 11548981.
47, 245723
List the prime factors of 11324171.
19, 596009
What are the prime factors of 2984911?
17, 71, 2473
List the prime factors of 4365658.
2, 11, 198439
List the prime factors of 638308.
2, 11, 89, 163
What are the prime factors of 320398?
2, 13, 12323
List the prime factors of 755403.
3, 11, 2081
What are the prime factors of 570327?
3, 151, 1259
List the prime factors of 12981.
3, 4327
List the prime factors of 34908005.
5, 11, 67, 9473
List the prime factors of 10431486.
2, 3, 13, 44579
What are the prime factors of 281773?
23, 12251
What are the prime factors of 5147766?
2, 3, 13, 7333
What are the prime factors of 7045053?
3, 101, 23251
What are the prime factors of 20451360?
2, 3, 5, 137, 311
List the prime factors of 4469977.
4469977
List the prime factors of 266173.
179, 1487
What are the prime factors of 306904?
2, 13, 227
List the prime factors of 306118.
2, 153059
What are the prime factors of 183519?
3, 7, 971
What are the prime factors of 98215?
5, 13, 1511
List the prime factors of 4120748.
2, 421, 2447
What are the prime factors of 15058939?
7, 83, 25919
List the prime factors of 497180.
2, 5, 24859
List the prime factors of 730262